{"id":2451,"date":"2023-12-19T15:30:57","date_gmt":"2023-12-19T14:30:57","guid":{"rendered":"https:\/\/lyceedelessouriau.fr\/?page_id=2451"},"modified":"2025-09-19T10:54:03","modified_gmt":"2025-09-19T08:54:03","slug":"le-cap-elec-electricien","status":"publish","type":"page","link":"https:\/\/lyceedelessouriau.fr\/index.php\/lycee-professionnel\/le-cap-elec-electricien\/","title":{"rendered":"CAP ELEC (Electricien)"},"content":{"rendered":"\n<p>Cette formation est propos\u00e9e aux filles et aux gar\u00e7ons int\u00e9ress\u00e9s par une rapide int\u00e9gration dans la vie&nbsp;professionnelle (apr\u00e8s une 3<sup>e<\/sup>&nbsp;g\u00e9n\u00e9rale, 3<sup>e<\/sup>&nbsp;segpa,\u2026.) qui se caract\u00e9rise par&nbsp;<strong>12 semaines de stage&nbsp;en entreprises<\/strong>&nbsp;r\u00e9parties tout au long des 2 ann\u00e9es de formation.<\/p>\n\n\n\n<p><strong>Le M\u00e9tier<\/strong><\/p>\n\n\n\n<p>Le titulaire de ce CAP intervient en tant qu&#8217;\u00e9lectricien dans les domaines du b\u00e2timent, de l&#8217;industrie, de l&#8217;agriculture, des services et des infrastructures.<\/p>\n\n\n\n<p>Il installe, met en service, entretient et r\u00e9pare des ouvrages \u00e9lectriques et des r\u00e9seaux de communication. Il intervient, sous la responsabilit\u00e9 d&#8217;un charg\u00e9 de travaux, sur les installations de logements individuels ou collectifs, de b\u00e2timents industriels, d&#8217;immeubles de bureaux, de r\u00e9seaux de distribution d&#8217;\u00e9nergie, etc.<\/p>\n\n\n\n<p><strong>Acc\u00e8s \u00e0 la formation<\/strong><\/p>\n\n\n\n<p>Ce CAP se pr\u00e9pare en deux ann\u00e9es apr\u00e8s la classe de troisi\u00e8me des coll\u00e8ges.<\/p>\n\n\n\n<p><strong>Poursuite d\u2019\u00e9tude<\/strong><\/p>\n\n\n\n<p>Le CAP d\u00e9bouche sur la vie active mais il est possible, sous certaines conditions, de poursuivre des \u00e9tudes en 1 an avec une mention compl\u00e9mentaire (MC) ou en 2 ans en bac professionnel ou en brevet professionnel (BP).<\/p>\n\n\n\n<p><strong>Horaires d&#8217;enseignement<\/strong><\/p>\n\n\n\n<figure class=\"wp-block-table\"><table><tbody><tr><td>&nbsp;<\/td><td>Seconde<\/td><td>Terminale<\/td><\/tr><tr><td><strong>Fran\u00e7ais, Histoire \u2013 G\u00e9ographie -E.M.C + co-intervention avec l\u2019enseignement professionnel<\/strong><\/td><td>2H+1,5H<\/td><td>2H+1,5H<\/td><\/tr><tr><td><strong>Langues Vivantes (Anglais)<\/strong><\/td><td>1,5H<\/td><td>1,5H<\/td><\/tr><tr><td><strong>Math\u00e9matiques Physique \u2013 Chimie + co-intervention avec<br>l\u2019enseignement professionnel<\/strong><\/td><td>1.5+1,5H<\/td><td>1.5+1,5H<\/td><\/tr><tr><td><strong>Arts Appliqu\u00e9s<\/strong><\/td><td>1H<\/td><td>1H<\/td><\/tr><tr><td><strong>EPS<\/strong><\/td><td>2,5H<\/td><td>2,5H<\/td><\/tr><tr><td><strong>Enseignement professionnel + co-intervention<\/strong><\/td><td>11,5H+1,5H<\/td><td>12H+1,5H<\/td><\/tr><tr><td><strong>R\u00e9alisation d\u2019un chef d\u2019\u0153uvre<\/strong><\/td><td>3H<\/td><td>3H<\/td><\/tr><tr><td><strong>Pr\u00e9vention-Sant\u00e9-Environnement<\/strong><\/td><td>1H<\/td><td>1H<\/td><\/tr><tr><td><strong>Accompagnement personnalis\u00e9<\/strong><\/td><td>3,5H<\/td><td>3,5H<\/td><\/tr><tr><td><strong>Nombre de semaines de formation en<br>entreprises<\/strong><\/td><td>6<\/td><td>6<\/td><\/tr><\/tbody><\/table><\/figure>\n\n\n\n<p><strong>Epreuves du CAP<\/strong><\/p>\n\n\n\n<figure class=\"wp-block-table\"><table><tbody><tr><td><strong>UNIT\u00c9S<\/strong>&nbsp;<strong>PROFESSIONNELLES<\/strong><\/td><td><\/td><td><\/td><\/tr><tr><td>EP1&nbsp;: R\u00e9alisation d\u2019une installation<\/td><td>6+1PSE<\/td><td>CCF<\/td><\/tr><tr><td>EP2&nbsp;: Mise en service d\u2019une installation<\/td><td>4<\/td><td>CCF<\/td><\/tr><tr><td>EP3&nbsp;: Maintenance d\u2019une installation<\/td><td>2&nbsp;&nbsp;&nbsp;&nbsp;&nbsp;&nbsp;&nbsp;&nbsp;&nbsp;&nbsp;&nbsp;&nbsp;&nbsp;&nbsp;&nbsp;&nbsp;&nbsp;&nbsp;&nbsp;&nbsp;&nbsp;&nbsp;&nbsp;&nbsp;<\/td><td>CCF<\/td><\/tr><tr><td><strong>UNIT\u00c9S D\u2019ENSEIGNEMENT G\u00c9N\u00c9RAL<\/strong><\/td><td><\/td><td><\/td><\/tr><tr><td>EG1 \u2212Fran\u00e7ais et Histoire G\u00e9ographie et Education civique<\/td><td>3<\/td><td>CCF<\/td><\/tr><tr><td>EG2 \u2212Math\u00e9matiques Sciences physiques et chimiques<\/td><td>2<\/td><td>CCF<\/td><\/tr><tr><td>EG3 \u2212\u00c9ducation physique et sportive<\/td><td>1<\/td><td>CCF<\/td><\/tr><tr><td>\u00c9preuve facultative&nbsp;: Langue vivante<\/td><td><\/td><td>ponctuelle orale 20 min<\/td><\/tr><\/tbody><\/table><\/figure>\n\n\n\n<p>CCF : Contr\u00f4le en cours de formation<\/p>\n\n\n\n<figure class=\"wp-block-image size-full is-resized\"><img loading=\"lazy\" decoding=\"async\" width=\"600\" height=\"240\" src=\"https:\/\/lyceedelessouriau.fr\/wp-content\/uploads\/2025\/09\/logo-GIP-apprentissage-2021-ISOLE-002-1-6.jpg\" alt=\"\" class=\"wp-image-3254\" style=\"width:308px;height:auto\" srcset=\"https:\/\/lyceedelessouriau.fr\/wp-content\/uploads\/2025\/09\/logo-GIP-apprentissage-2021-ISOLE-002-1-6.jpg 600w, https:\/\/lyceedelessouriau.fr\/wp-content\/uploads\/2025\/09\/logo-GIP-apprentissage-2021-ISOLE-002-1-6-300x120.jpg 300w\" sizes=\"auto, (max-width: 600px) 100vw, 600px\" \/><\/figure>\n\n\n\n<p><strong><mark style=\"background-color:rgba(0, 0, 0, 0)\" class=\"has-inline-color has-vivid-red-color\">Toutes nos formations sont ouvertes \u00e0 l&#8217;apprentissage, en mixit\u00e9 des publics.<\/mark><\/strong><\/p>\n\n\n\n<p><\/p>\n","protected":false},"excerpt":{"rendered":"<p>Cette formation est propos\u00e9e aux filles et aux gar\u00e7ons int\u00e9ress\u00e9s par une rapide int\u00e9gration dans la vie&nbsp;professionnelle (apr\u00e8s une 3e&nbsp;g\u00e9n\u00e9rale, 3e&nbsp;segpa,\u2026.) qui se caract\u00e9rise par&nbsp;12 semaines de stage&nbsp;en entreprises&nbsp;r\u00e9parties tout au long des 2 ann\u00e9es de formation. Le M\u00e9tier Le titulaire de ce CAP intervient en tant qu&#8217;\u00e9lectricien dans les domaines du b\u00e2timent, de l&#8217;industrie, [&hellip;]<\/p>\n","protected":false},"author":1,"featured_media":0,"parent":34,"menu_order":6,"comment_status":"closed","ping_status":"closed","template":"","meta":{"footnotes":""},"class_list":["post-2451","page","type-page","status-publish","hentry"],"_links":{"self":[{"href":"https:\/\/lyceedelessouriau.fr\/index.php\/wp-json\/wp\/v2\/pages\/2451","targetHints":{"allow":["GET"]}}],"collection":[{"href":"https:\/\/lyceedelessouriau.fr\/index.php\/wp-json\/wp\/v2\/pages"}],"about":[{"href":"https:\/\/lyceedelessouriau.fr\/index.php\/wp-json\/wp\/v2\/types\/page"}],"author":[{"embeddable":true,"href":"https:\/\/lyceedelessouriau.fr\/index.php\/wp-json\/wp\/v2\/users\/1"}],"replies":[{"embeddable":true,"href":"https:\/\/lyceedelessouriau.fr\/index.php\/wp-json\/wp\/v2\/comments?post=2451"}],"version-history":[{"count":6,"href":"https:\/\/lyceedelessouriau.fr\/index.php\/wp-json\/wp\/v2\/pages\/2451\/revisions"}],"predecessor-version":[{"id":3255,"href":"https:\/\/lyceedelessouriau.fr\/index.php\/wp-json\/wp\/v2\/pages\/2451\/revisions\/3255"}],"up":[{"embeddable":true,"href":"https:\/\/lyceedelessouriau.fr\/index.php\/wp-json\/wp\/v2\/pages\/34"}],"wp:attachment":[{"href":"https:\/\/lyceedelessouriau.fr\/index.php\/wp-json\/wp\/v2\/media?parent=2451"}],"curies":[{"name":"wp","href":"https:\/\/api.w.org\/{rel}","templated":true}]}}