{"id":210,"date":"2021-04-12T18:30:54","date_gmt":"2021-04-12T16:30:54","guid":{"rendered":"http:\/\/lyceedelessouriau.fr\/?page_id=210"},"modified":"2021-06-21T12:24:27","modified_gmt":"2021-06-21T10:24:27","slug":"taxe-dapprentissage","status":"publish","type":"page","link":"https:\/\/lyceedelessouriau.fr\/index.php\/partenaires\/taxe-dapprentissage\/","title":{"rendered":"Taxe d&#8217;apprentissage"},"content":{"rendered":"\n<h3 class=\"wp-block-heading\" id=\"block-fc5766a7-a837-492b-b94f-8faec546191a\"><strong>La contribution Unique (taxe d\u2019apprentissage) comment proc\u00e9der ?<\/strong><\/h3>\n\n\n\n<p id=\"block-1a33ac64-91a7-4618-8115-3ade8db3ce68\"><strong>Tout savoir sur la r\u00e9forme de la taxe d\u2019apprentissage de 2020.<\/strong><\/p>\n\n\n\n<p id=\"block-49248439-e272-45d1-99e8-bc63c5f89434\">En 2020, les modalit\u00e9s de collecte de la contribution unique (taxe d\u2019apprentissage) \u00e9voluent dans le cadre de la \u00ab&nbsp;Loi Avenir professionnel&nbsp;\u00bb, dite \u201cLoi Avenir\u201d.&nbsp;<br>Votre contribution unique (taxe d\u2019apprentissage)&nbsp; peut&nbsp; \u00eatre fl\u00e9ch\u00e9e vers un \u00e9tablissement scolaire et le lyc\u00e9e de l\u2019Essouriau peut en b\u00e9n\u00e9ficier.<\/p>\n\n\n\n<p id=\"block-159b4535-f44a-4504-b20c-b7073a728373\"><strong>La reforme 2020&nbsp;: le nouveau \u00ab&nbsp;bar\u00e8me&nbsp;\u00bb<\/strong><\/p>\n\n\n\n<p id=\"block-aea9d07a-9736-4b52-b94f-e3e2c3daa805\">Le nouveau bar\u00e8me, appel\u00e9 Solde de la taxe d\u2019apprentissage correspond \u00e0 13&nbsp;% de la T.A. (contre 23&nbsp;% depuis 2015). Ces fonds sont destin\u00e9s \u00e0 des d\u00e9penses lib\u00e9ratoires effectu\u00e9es par l\u2019entreprise.<\/p>\n\n\n\n<p id=\"block-dcc2854c-b563-4fd0-b602-c8778bd5542a\">La taxe d\u2019apprentissage est \u00e9gale \u00e0 0.68% de la Masse Salariale.<br>D\u00e8s 2020, cette somme sera divis\u00e9e en deux parties&nbsp;:<\/p>\n\n\n\n<p id=\"block-3ebbc29e-5318-46fb-9b8c-e960f8f6391f\">&#8211; 87% destin\u00e9 au financement de l\u2019apprentissage, qui s\u2019apparente \u00e0 l\u2019ancien quota d\u2019apprentissage (la fraction r\u00e9gionale est supprim\u00e9e), vers\u00e9 \u00e0 un OPCO<br>&#8211; 13% (solde) destin\u00e9 \u00e0 des d\u00e9penses lib\u00e9ratoires effectu\u00e9es par l\u2019employeur, qui s\u2019apparente \u00e0 l\u2019ancien hors-quota ou bar\u00e8me, vers\u00e9 \u00e0 des \u00e9tablissements de formation habilit\u00e9s<\/p>\n\n\n\n<p id=\"block-178fc678-b64b-474a-bb36-c4bf37a3a3e1\">Le Code du travail pr\u00e9cise quels sont les \u00e9tablissements \u00e9ligibles \u00e0 ce financement (art. L6241-5 du Code du travail), ainsi que la possibilit\u00e9 que les subventions soient r\u00e9alis\u00e9es en nature (art. L6241-4 du Code du travail). Le lyc\u00e9e de l\u2019Essouriau est \u00e9ligible<\/p>\n\n\n\n<p id=\"block-7016bfb6-b0ff-43f2-b7ee-b2594519854c\">Vous pouvez donc affectez directement votre bar\u00e8me au lyc\u00e9e de l\u2019Essouriau sans passer par un interm\u00e9diaire.&nbsp;<br><strong>Le code d\u2019habilitation du lyc\u00e9e de l\u2019Essouriau est&nbsp;: 0911492c<\/strong><\/p>\n\n\n\n<p id=\"block-106a4275-48e8-4791-9aea-d92fa4b0a9d1\"><strong>Qui est concern\u00e9 par la taxe d\u2019apprentissage&nbsp;?<\/strong><br>La taxe est due par les individus ou structures qui remplissent les conditions suivantes&nbsp;:<\/p>\n\n\n\n<ul class=\"wp-block-list\" id=\"block-b29c7206-7953-46c5-a33d-2a0e8f24333d\"><li>Avoir au moins 1 salari\u00e9,&nbsp;<\/li><li>Etre soumise \u00e0 l\u2019IS (Imp\u00f4ts sur les Soci\u00e9t\u00e9s) ou \u00e0 l\u2019IR (Imp\u00f4t sur le Revenu) au titre des BIC (B\u00e9n\u00e9fices Industriels et Commerciaux).<\/li><\/ul>\n\n\n\n<p id=\"block-e2b840a7-2fae-4405-b64b-8e02cea8cddc\">Les entreprises non assujetties au paiement de la taxe d\u2019apprentissage sont&nbsp;:<\/p>\n\n\n\n<ul class=\"wp-block-list\" id=\"block-ea6874d1-58c2-42d1-9fbf-34e9cfaa5bcf\"><li>Les entreprises ayant pour but exclusif la formation premi\u00e8re,<\/li><li>Les entreprises ayant occup\u00e9 un ou plusieurs apprentis pendant l\u2019ann\u00e9e lorsque leur masse salariale brute n\u2019exc\u00e8de pas six fois le SMIC annuel.<\/li><\/ul>\n\n\n\n<p id=\"block-2d110a13-267a-496b-84a9-62d0cca14abd\"><strong>Qui peut recevoir le 13%&nbsp;?<\/strong><\/p>\n\n\n\n<p id=\"block-34a8b2ce-1725-4311-a82c-c1f9d7923e07\"><strong>O\u00f9 peut-on trouver la liste des organismes autoris\u00e9s \u00e0 recueillir le 13&nbsp;%&nbsp;?<\/strong><br>Les organismes habilit\u00e9s \u00e0 percevoir le \u00ab&nbsp;13%&nbsp;\u00bb seront not\u00e9s dans les listes pr\u00e9fectorales \u00e9dit\u00e9es au 01 janvier 2021&nbsp;:<\/p>\n\n\n\n<p><a href=\"https:\/\/www.prefectures-regions.gouv.fr\/ile-de-france\/Region-et-institutions\/Demarches-administratives\/Taxe-d-apprentissage\/Taxe-d-apprentissage\/Listes-2020\/\">https:\/\/www.prefectures-regions.gouv.fr\/ile-de-france\/Region-et-institutions\/Demarches-administratives\/Taxe-d-apprentissage\/Taxe-d-apprentissage\/Listes-2020\/<\/a><\/p>\n\n\n\n<p id=\"block-66965761-6f8d-493f-a6ff-1b5ebe1e7673\">Comme les ann\u00e9es pr\u00e9c\u00e9dentes. Les organismes seront identifi\u00e9s par leur code UAI. Celui du lyc\u00e9e de l\u2019essouriau est le suivant&nbsp;: <strong>0911492c<\/strong><\/p>\n\n\n\n<p id=\"block-7c398d40-b4e4-4187-91b3-fb7758ffa6b5\"><strong>Quel est l\u2019avantage du 13% pour l\u2019entreprise&nbsp;; est-ce un don&nbsp;?<\/strong><br>Non, le \u00ab&nbsp;13%&nbsp;\u00bb ne constitue pas un acte de m\u00e9c\u00e9nat. C\u2019est un imp\u00f4t. Son r\u00e8glement est obligatoire.<\/p>\n\n\n\n<p id=\"block-463178b7-9c70-4a79-8cf8-f57b7151739f\"><strong>Si l\u2019entreprise ne souhaite pas verser \u00e0 un \u00e9tablissement de formation le 13%&nbsp;?&nbsp;<\/strong>L\u2019\u00e9quivalent de cette somme est-elle vers\u00e9e \u00e0 l\u2019OPCO&nbsp;?<br>Non. Les OPCO auront l\u2019obligation de retourner les fonds re\u00e7us au titre du 13%.<br>Base de calcul du \u00ab&nbsp;13%&nbsp;\u00bb<\/p>\n\n\n\n<p id=\"block-9294edb8-7346-4953-ad1e-0373c343c1e1\"><strong>Les entreprises doivent-elles verser le 13% en 2021 en se basant sur la masse salariale 2020&nbsp;?<\/strong><br>Le versement du \u00ab&nbsp;13%&nbsp;\u00bb doit parvenir aux organismes de formation entre le 1\/1\/2021 et le 31\/05\/2021.<br>Le montant du 13% se calcule sur la base de la Masse Salariales Brute (MSB) 2020.<br>C\u2019est-\u00e0-dire, 13% de 0.68% de la MSB 2020. Ce calcul \u00e9quivaut \u00e0 0.08% de la MSB 2020.<\/p>\n\n\n\n<p id=\"block-66323c39-66a6-4116-936a-68f2dc6b0898\"><strong><em>Les versements<\/em><\/strong><\/p>\n\n\n\n<p id=\"block-cf9d6614-40d3-468d-8de7-39380436f7e2\"><strong>Peut-on envoyer un ch\u00e8que directement au lyc\u00e9e de l\u2019Essouriau&nbsp;?<\/strong><br>Oui. Le ch\u00e8que doit \u00eatre libell\u00e9 \u00e0 l\u2019ordre de&nbsp;: Agent comptable du lyc\u00e9e de l\u2019Essouriau Adressez le \u00e0 :<\/p>\n\n\n\n<p id=\"block-ca14dd40-fa89-4446-a700-7da9416cda91\">Lyc\u00e9e de l\u2019Essouriau, Avenue de Dordogne 91940 Les Ulis<\/p>\n\n\n\n<p id=\"block-0c5ad6ae-9e77-48e3-8840-3bdd096f19f9\">&nbsp;Veillez \u00e0 bien indiquer qu\u2019il s\u2019agit d\u2019un versement de la contribution unique (taxe d\u2019apprentissage) en nous communiquant votre num\u00e9ro de Siret et les coordonn\u00e9es d\u2019un contact.<br>Vous pouvez aussi effectuer un virement en demandant un RIB par courriel \u00e0 l\u2019adresse&nbsp;: ddfpt.0911492c@ac-versailles.fr<\/p>\n\n\n\n<p id=\"block-e895ed80-a7f4-4687-a5d1-bf4b18615899\">&nbsp;<strong><em>Les documents officiels<\/em><\/strong><\/p>\n\n\n\n<p id=\"block-02a94d0c-ec5e-4192-9ac6-c76e2c865e40\"><strong>Dans quel d\u00e9lai, les centres de formation doivent-ils \u00e9diter le re\u00e7u&nbsp;?<\/strong><br>A ce jour, rien n\u2019est indiqu\u00e9. Le lyc\u00e9e de l\u2019Essouriau s\u2019engage \u00e0 vous envoyer au plus t\u00f4t un accus\u00e9 de r\u00e9ception de votre versement.<\/p>\n\n\n\n<p id=\"block-74a91404-34da-49df-a30f-37b397eb1ef6\"><strong>Existe-il un mod\u00e8le particulier de re\u00e7u&nbsp;?<\/strong><br>Non. Mais le projet de d\u00e9cret pr\u00e9cise que le re\u00e7u doit mentionner la date et le montant du versement.<\/p>\n\n\n\n<p id=\"block-8f9c90dd-af62-4d16-9fcc-2b2dc22f8a52\"><strong>Est-ce que les entreprises utilisent toujours un formulaire fiscal de versement&nbsp;?<\/strong><br>Non. Cependant, lors de votre versement, veillez \u00e0 bien indiquer qu\u2019il s\u2019agit de la contribution unique ( taxe d\u2019apprentissage). Si vous r\u00e9glez par virement, merci d\u2019ajouter votre num\u00e9ro de Siret et un contact dans les champs de r\u00e9f\u00e9rence.<\/p>\n","protected":false},"excerpt":{"rendered":"<p>La contribution Unique (taxe d\u2019apprentissage) comment proc\u00e9der ? Tout savoir sur la r\u00e9forme de la taxe d\u2019apprentissage de 2020. En 2020, les modalit\u00e9s de collecte de la contribution unique (taxe d\u2019apprentissage) \u00e9voluent dans le cadre de la \u00ab&nbsp;Loi Avenir professionnel&nbsp;\u00bb, dite \u201cLoi Avenir\u201d.&nbsp;Votre contribution unique (taxe d\u2019apprentissage)&nbsp; peut&nbsp; \u00eatre fl\u00e9ch\u00e9e vers un \u00e9tablissement scolaire et [&hellip;]<\/p>\n","protected":false},"author":1,"featured_media":0,"parent":40,"menu_order":1,"comment_status":"closed","ping_status":"closed","template":"page-template\/right-sidebar-page.php","meta":{"footnotes":""},"class_list":["post-210","page","type-page","status-publish","hentry"],"_links":{"self":[{"href":"https:\/\/lyceedelessouriau.fr\/index.php\/wp-json\/wp\/v2\/pages\/210","targetHints":{"allow":["GET"]}}],"collection":[{"href":"https:\/\/lyceedelessouriau.fr\/index.php\/wp-json\/wp\/v2\/pages"}],"about":[{"href":"https:\/\/lyceedelessouriau.fr\/index.php\/wp-json\/wp\/v2\/types\/page"}],"author":[{"embeddable":true,"href":"https:\/\/lyceedelessouriau.fr\/index.php\/wp-json\/wp\/v2\/users\/1"}],"replies":[{"embeddable":true,"href":"https:\/\/lyceedelessouriau.fr\/index.php\/wp-json\/wp\/v2\/comments?post=210"}],"version-history":[{"count":3,"href":"https:\/\/lyceedelessouriau.fr\/index.php\/wp-json\/wp\/v2\/pages\/210\/revisions"}],"predecessor-version":[{"id":1045,"href":"https:\/\/lyceedelessouriau.fr\/index.php\/wp-json\/wp\/v2\/pages\/210\/revisions\/1045"}],"up":[{"embeddable":true,"href":"https:\/\/lyceedelessouriau.fr\/index.php\/wp-json\/wp\/v2\/pages\/40"}],"wp:attachment":[{"href":"https:\/\/lyceedelessouriau.fr\/index.php\/wp-json\/wp\/v2\/media?parent=210"}],"curies":[{"name":"wp","href":"https:\/\/api.w.org\/{rel}","templated":true}]}}