{"id":154,"date":"2021-04-12T17:59:57","date_gmt":"2021-04-12T15:59:57","guid":{"rendered":"http:\/\/lyceedelessouriau.fr\/?page_id=154"},"modified":"2022-01-20T13:44:47","modified_gmt":"2022-01-20T12:44:47","slug":"apres-la-classe-de-seconde","status":"publish","type":"page","link":"https:\/\/lyceedelessouriau.fr\/index.php\/orientation\/apres-la-classe-de-seconde\/","title":{"rendered":"Apr\u00e8s les classes de seconde"},"content":{"rendered":"\n<p>Apr\u00e8s une seconde g\u00e9n\u00e9rale et technologique, vous pourrez opter pour la voie g\u00e9n\u00e9rale ou la voie technologique. Pour vous accompagner dans vos choix, prenez connaissance des 13 sp\u00e9cialit\u00e9s propos\u00e9es en voie g\u00e9n\u00e9rale et des 8 s\u00e9ries de bac technologique.<\/p>\n\n\n\n<h3 class=\"wp-block-heading\">Les 13 enseignements de sp\u00e9cialit\u00e9 en voie g\u00e9n\u00e9rale<\/h3>\n\n\n\n<p>Pour approfondir les disciplines qui vous int\u00e9ressent et pr\u00e9parer votre orientation, vous choisirez 3 sp\u00e9cialit\u00e9s en 1re et 2 en terminale, soit 12h au total :<\/p>\n\n\n\n<ul class=\"wp-block-list\"><li>arts : histoire des arts, th\u00e9\u00e2tre, arts plastiques, arts du spectacle, etc. ;<\/li><li>biologie, \u00e9cologie (dans les lyc\u00e9es agricoles uniquement) ;<\/li><li>\u00e9ducation physique, pratiques et cultures sportives ;<\/li><li>histoire g\u00e9ographie, g\u00e9opolitique et sciences politiques ;<\/li><li>humanit\u00e9s, litt\u00e9rature et philosophie ;<\/li><li>langues, litt\u00e9ratures et cultures \u00e9trang\u00e8res et r\u00e9gionales ;<\/li><li>litt\u00e9rature et langues et cultures de l&#8217;Antiquit\u00e9 ;<\/li><li>math\u00e9matiques ;<\/li><li>num\u00e9rique et sciences informatiques&nbsp;;<\/li><li>physique-chimie ;<\/li><li>sciences de la vie et de la Terre ;<\/li><li>sciences de l&#8217;ing\u00e9nieur ;<\/li><li>sciences \u00e9conomiques et sociales.<\/li><\/ul>\n\n\n\n<p><a href=\"https:\/\/www.onisep.fr\/Choisir-mes-etudes\/Au-lycee-au-CFA\/Au-lycee-general-et-technologique\/Les-enseignements-de-specialite-en-voie-generale\">Descriptif des enseignements de sp\u00e9cialit\u00e9<\/a><\/p>\n\n\n\n<p>Pour plus d\u2019information sur les enseignements de sp\u00e9cialit\u00e9, consultez le site <a href=\"http:\/\/www.horizons21.fr\">Horizons 21<\/a>.<a><\/a><\/p>\n\n\n\n<h3 class=\"wp-block-heading\">Les 8 s\u00e9ries de la voie technologique<\/h3>\n\n\n\n<p>La voie technologique est compos\u00e9e de 8 s\u00e9ries de bac&nbsp;avec des sp\u00e9cificit\u00e9s propres.<\/p>\n\n\n\n<figure class=\"wp-block-table\"><table><tbody><tr><td><strong>S\u00e9ries<\/strong><\/td><td><strong>Descriptif<\/strong><\/td><\/tr><tr><td><a href=\"https:\/\/www.onisep.fr\/Choisir-mes-etudes\/Au-lycee-au-CFA\/Au-lycee-general-et-technologique\/La-voie-technologique-en-premiere-et-terminale\/Le-bac-STMG-sciences-et-technologies-du-management-et-de-la-gestion\"><strong>STMG <\/strong>(sciences et technologies du management et de la gestion)<\/a><\/td><td>La s\u00e9rie STMG a pour objectif de pr\u00e9parer les \u00e9l\u00e8ves \u00e0 des poursuites d\u2019\u00e9tudes diversifi\u00e9es dans le domaine des sciences de gestion, du droit et de l\u2019\u00e9conomie.<\/td><\/tr><tr><td><a href=\"https:\/\/www.onisep.fr\/Choisir-mes-etudes\/Au-lycee-au-CFA\/Au-lycee-general-et-technologique\/La-voie-technologique-en-premiere-et-terminale\/Le-bac-ST2S-sciences-et-technologies-de-la-sante-et-du-social\"><strong>ST2S <\/strong>(sciences et technologies de la sant\u00e9 et du social)<\/a><\/td><td>La s\u00e9rie ST2S s\u2019adresse aux \u00e9l\u00e8ves int\u00e9ress\u00e9s par les questions de sant\u00e9 ou les faits sociaux et d\u00e9sireux de s\u2019orienter vers les formations sup\u00e9rieures (BUT, IFSI, EFTS, licences, BTS) des domaines param\u00e9dicaux et sociaux, des secteurs de la beaut\u00e9 et du bien-\u00eatre et des services \u00e0 l\u2019environnement.<\/td><\/tr><tr><td><a href=\"https:\/\/www.onisep.fr\/Choisir-mes-etudes\/Au-lycee-au-CFA\/Au-lycee-general-et-technologique\/La-voie-technologique-en-premiere-et-terminale\/Le-bac-STHR-sciences-et-technologies-de-l-hotellerie-et-de-la-restauration\"><strong>STHR <\/strong>(sciences et technologies de l&#8217;h\u00f4tellerie et de la restauration)<\/a><\/td><td>La s\u00e9rie STHR a pour objectif de d\u00e9velopper une base culturelle technologique forte pour favoriser la poursuite d\u2019\u00e9tudes sup\u00e9rieures, notamment dans le BTS phare du secteur : le BTS management en h\u00f4tellerie-restauration.<\/td><\/tr><tr><td><a href=\"https:\/\/www.onisep.fr\/Choisir-mes-etudes\/Au-lycee-au-CFA\/Au-lycee-general-et-technologique\/La-voie-technologique-en-premiere-et-terminale\/Le-bac-STI2D-sciences-et-technologies-de-l-industrie-et-du-developpement-durable\"><strong>STI2D<\/strong> (sciences et technologies de l&#8217;industrie et du d\u00e9veloppement durable)<\/a><\/td><td>La s\u00e9rie STI2D s\u2019adresse \u00e0 tous les jeunes gens, filles ou gar\u00e7ons, qui s\u2019int\u00e9ressent aux sciences et \u00e0 la technologie, pour r\u00e9soudre des probl\u00e8mes concrets en r\u00e9ponse aux besoins des personnes et de la soci\u00e9t\u00e9. La vocation de cette s\u00e9rie est de permettre aux jeunes d\u2019acc\u00e9der, au terme de leur formation, aux qualifications d\u2019ing\u00e9nieur.<\/td><\/tr><tr><td><a href=\"https:\/\/www.onisep.fr\/Choisir-mes-etudes\/Au-lycee-au-CFA\/Au-lycee-general-et-technologique\/La-voie-technologique-en-premiere-et-terminale\/Le-bac-S2TMD-sciences-et-techniques-du-theatre-de-la-musique-et-de-la-danse\"><strong>S2TMD <\/strong>(techniques de la musique et de la danse)<\/a><\/td><td>La s\u00e9rie S2TMD s\u2019adresse aux \u00e9l\u00e8ves engag\u00e9s dans un parcours de formation artistique exigeant et qui envisagent de s\u2019orienter vers les nombreux m\u00e9tiers de la cr\u00e9ation artistique, du spectacle vivant, ou encore de la gestion et de la m\u00e9diation culturelles.<\/td><\/tr><tr><td><a href=\"https:\/\/www.onisep.fr\/Choisir-mes-etudes\/Au-lycee-au-CFA\/Au-lycee-general-et-technologique\/La-voie-technologique-en-premiere-et-terminale\/Le-bac-STL-sciences-et-technologies-de-laboratoire\"><strong>STL <\/strong>(sciences et technologies de laboratoire)<\/a><\/td><td>La s\u00e9rie STL s\u2019adresse aux jeunes qui aiment l\u2019exp\u00e9rimentation en laboratoire. Les \u00e9l\u00e8ves y acqui\u00e8rent une solide formation en sciences : biochimie-biologie, math\u00e9matiques et physique-chimie.<\/td><\/tr><tr><td><a href=\"https:\/\/www.onisep.fr\/Choisir-mes-etudes\/Au-lycee-au-CFA\/Au-lycee-general-et-technologique\/La-voie-technologique-en-premiere-et-terminale\/Le-bac-STD2A-sciences-et-technologies-du-design-et-des-arts-appliques\"><strong>STD2A <\/strong>(sciences et technologies du design et des arts appliqu\u00e9s)<\/a><\/td><td>La s\u00e9rie STD2A s\u2019adresse aux \u00e9l\u00e8ves d\u00e9sireux de s\u2019orienter vers les m\u00e9tiers du design et\/ou les m\u00e9tiers d\u2019art. Ces domaines de la cr\u00e9ation et de la conception couvrent des secteurs aussi divers que ceux de l\u2019objet, l\u2019espace, le graphisme, le num\u00e9rique, la mode, le textile, l\u2019\u00e9v\u00e9nement, le spectacle.<\/td><\/tr><tr><td><a href=\"https:\/\/www.onisep.fr\/Choisir-mes-etudes\/Au-lycee-au-CFA\/Au-lycee-general-et-technologique\/La-voie-technologique-en-premiere-et-terminale\/Le-bac-STAV-sciences-et-technologies-de-l-agronomie-et-du-vivant\"><strong>STAV<\/strong> (sciences et technologies de l&#8217;agronomie et du vivant)<\/a><\/td><td>La s\u00e9rie STAV s\u2019adresse aux \u00e9l\u00e8ves manifestant de l\u2019int\u00e9r\u00eat pour l\u2019environnement et les d\u00e9fis soci\u00e9taux aff\u00e9rents notamment \u00e0 l\u2019alimentation et aux dynamiques d\u2019\u00e9volution des territoires.<\/td><\/tr><\/tbody><\/table><\/figure>\n\n\n\n<div data-wp-interactive=\"core\/file\" class=\"wp-block-file\"><object data-wp-bind--hidden=\"!state.hasPdfPreview\" hidden class=\"wp-block-file__embed\" data=\"http:\/\/lyceedelessouriau.fr\/wp-content\/uploads\/2022\/01\/Passeport-pour-la-voie-techno.pdf\" type=\"application\/pdf\" style=\"width:100%;height:600px\" aria-label=\"Contenu embarqu\u00e9 Contenu embarqu\u00e9 Passeport-pour-la-voie-techno..\"><\/object><a href=\"http:\/\/lyceedelessouriau.fr\/wp-content\/uploads\/2022\/01\/Passeport-pour-la-voie-techno.pdf\">Passeport-pour-la-voie-techno<\/a><a href=\"http:\/\/lyceedelessouriau.fr\/wp-content\/uploads\/2022\/01\/Passeport-pour-la-voie-techno.pdf\" class=\"wp-block-file__button\" download>T\u00e9l\u00e9charger<\/a><\/div>\n\n\n\n<p><\/p>\n\n\n\n<p><\/p>\n\n\n\n<p>En fonction de la s\u00e9rie que vous choisirez, des enseignements de sp\u00e9cialit\u00e9 vous seront propos\u00e9s \u00e0 raison de 3 sp\u00e9cialit\u00e9s en 1re et de 2 en terminale.<\/p>\n\n\n\n<p>Pour plus d\u2019information sur les enseignements de sp\u00e9cialit\u00e9, consultez le site <a href=\"http:\/\/www.horizons21.fr\">Horizons 21<\/a>.<a><\/a><\/p>\n\n\n\n<h3 class=\"wp-block-heading\">Les enseignements communs et optionnels <\/h3>\n\n\n\n<p>En voie g\u00e9n\u00e9rale comme en voie technologique, votre parcours se composera d&#8217;enseignements communs, d&#8217;<a href=\"https:\/\/www.onisep.fr\/Choisir-mes-etudes\/Au-lycee-au-CFA\/Au-lycee-general-et-technologique\/Que-faire-apres-la-seconde\/Les-enseignements-de-specialite-en-voie-generale\">enseignements de sp\u00e9cialit\u00e9<\/a> et d&#8217;<a href=\"https:\/\/www.onisep.fr\/Choisir-mes-etudes\/Au-lycee-au-CFA\/Au-lycee-general-et-technologique\/Les-enseignements-optionnels-en-seconde\">enseignements optionnels.<\/a><\/p>\n\n\n\n<p><\/p>\n\n\n\n<p>Source : Onisep.fr<\/p>\n","protected":false},"excerpt":{"rendered":"<p>Apr\u00e8s une seconde g\u00e9n\u00e9rale et technologique, vous pourrez opter pour la voie g\u00e9n\u00e9rale ou la voie technologique. Pour vous accompagner dans vos choix, prenez connaissance des 13 sp\u00e9cialit\u00e9s propos\u00e9es en voie g\u00e9n\u00e9rale et des 8 s\u00e9ries de bac technologique. Les 13 enseignements de sp\u00e9cialit\u00e9 en voie g\u00e9n\u00e9rale Pour approfondir les disciplines qui vous int\u00e9ressent et [&hellip;]<\/p>\n","protected":false},"author":1,"featured_media":0,"parent":38,"menu_order":4,"comment_status":"closed","ping_status":"closed","template":"page-template\/right-sidebar-page.php","meta":{"footnotes":""},"class_list":["post-154","page","type-page","status-publish","hentry"],"_links":{"self":[{"href":"https:\/\/lyceedelessouriau.fr\/index.php\/wp-json\/wp\/v2\/pages\/154","targetHints":{"allow":["GET"]}}],"collection":[{"href":"https:\/\/lyceedelessouriau.fr\/index.php\/wp-json\/wp\/v2\/pages"}],"about":[{"href":"https:\/\/lyceedelessouriau.fr\/index.php\/wp-json\/wp\/v2\/types\/page"}],"author":[{"embeddable":true,"href":"https:\/\/lyceedelessouriau.fr\/index.php\/wp-json\/wp\/v2\/users\/1"}],"replies":[{"embeddable":true,"href":"https:\/\/lyceedelessouriau.fr\/index.php\/wp-json\/wp\/v2\/comments?post=154"}],"version-history":[{"count":6,"href":"https:\/\/lyceedelessouriau.fr\/index.php\/wp-json\/wp\/v2\/pages\/154\/revisions"}],"predecessor-version":[{"id":1508,"href":"https:\/\/lyceedelessouriau.fr\/index.php\/wp-json\/wp\/v2\/pages\/154\/revisions\/1508"}],"up":[{"embeddable":true,"href":"https:\/\/lyceedelessouriau.fr\/index.php\/wp-json\/wp\/v2\/pages\/38"}],"wp:attachment":[{"href":"https:\/\/lyceedelessouriau.fr\/index.php\/wp-json\/wp\/v2\/media?parent=154"}],"curies":[{"name":"wp","href":"https:\/\/api.w.org\/{rel}","templated":true}]}}