{"id":131,"date":"2021-04-12T17:47:28","date_gmt":"2021-04-12T15:47:28","guid":{"rendered":"http:\/\/lyceedelessouriau.fr\/?page_id=131"},"modified":"2025-09-19T10:43:39","modified_gmt":"2025-09-19T08:43:39","slug":"le-baccalaureat-professionnel-ga","status":"publish","type":"page","link":"https:\/\/lyceedelessouriau.fr\/index.php\/lycee-professionnel\/le-baccalaureat-professionnel-ga\/","title":{"rendered":"Le Baccalaur\u00e9at Professionnel AGOrA"},"content":{"rendered":"\n<p>BAC PRO AGOrA : Assistance \u00e0 la Gestion des Organisations et de leurs Activit\u00e9s<\/p>\n\n\n\n<figure class=\"wp-block-video\"><video height=\"1080\" style=\"aspect-ratio: 1920 \/ 1080;\" width=\"1920\" controls src=\"http:\/\/lyceedelessouriau.fr\/wp-content\/uploads\/2021\/04\/BAC-PRO-AGOrA-_-Assistance-a\u0300-la-Gestion-des-Organisations-et-de-leurs-Activite\u0301s-1080p.mp4\"><\/video><\/figure>\n\n\n\n<p><strong>Objectifs de la formation<\/strong><\/p>\n\n\n\n<p>Le baccalaur\u00e9at professionnel Assistance \u00e0 la Gestion des Organisations et de leurs Activit\u00e9s forme des&nbsp;<strong>gestionnaires administratifs<\/strong>&nbsp;appel\u00e9s \u00e0 travailler dans des entreprises de petite et moyenne taille, dans des collectivit\u00e9s territoriales, des administrations, des associations, etc. Les \u00e9l\u00e8ves sont form\u00e9s \u00e0 la prise en charge de diff\u00e9rentes&nbsp;<strong>activit\u00e9s administratives<\/strong>&nbsp;int\u00e9grant diff\u00e9rentes op\u00e9rations&nbsp;:&nbsp;<strong>op\u00e9rations commerciales, de communication, de relations avec les clients ou op\u00e9rations de gestion de la paie du personnel<\/strong>&nbsp;ou encore&nbsp;<strong>op\u00e9rations support \u00e0 la production<\/strong>&nbsp;dans le cadre du suivi financier des activit\u00e9s ou des relations avec les fournisseurs.<\/p>\n\n\n\n<p><strong>Description de la formation<\/strong><\/p>\n\n\n\n<p>La formation comporte&nbsp;:<\/p>\n\n\n\n<ul class=\"wp-block-list\">\n<li>Des&nbsp;<strong>p\u00e9riodes de formation en milieu professionnel<\/strong>&nbsp;(PFMP)&nbsp;: 20 semaines r\u00e9parties sur les trois ann\u00e9es de formation (possibilit\u00e9 d\u2019effectuer un stage \u00e0 l\u2019Etranger en classe de terminale).<\/li>\n\n\n\n<li>Des&nbsp;<strong>enseignements<\/strong>&nbsp;bas\u00e9s sur la ma\u00eetrise des techniques professionnelles propres \u00e0 chaque sp\u00e9cialit\u00e9.<\/li>\n\n\n\n<li>Des&nbsp;<strong>enseignements g\u00e9n\u00e9raux<\/strong>&nbsp;reposant sur des programmes r\u00e9nov\u00e9s en 2019&nbsp;: fran\u00e7ais, histoire-g\u00e9ographie et enseignement moral et civique, math\u00e9matiques, arts appliqu\u00e9s et cultures artistiques, langue vivante, \u00e9ducation physique et sportive, pr\u00e9vention-sant\u00e9-environnement et, selon les sp\u00e9cialit\u00e9s, un enseignement d\u2019\u00e9conomie-gestion ou d\u2019\u00e9conomie-droit et un enseignement de physique-chimie ou une deuxi\u00e8me langue vivante.<\/li>\n<\/ul>\n\n\n\n<p><strong>Acc\u00e8s \u00e0 la formation<\/strong><\/p>\n\n\n\n<p>Ce bac pro se pr\u00e9pare&nbsp;<strong>en trois ans<\/strong>&nbsp;apr\u00e8s la classe de troisi\u00e8me. Depuis la rentr\u00e9e 2019, son acc\u00e8s est modifi\u00e9. Les \u00e9l\u00e8ves entrent d\u00e9sormais en&nbsp;<strong>classe de<a href=\"http:\/\/lyceedelessouriau.fr\/index.php\/la-seconde-professionnelle-mgatl-metiers-de-la-gestion-administrative-du-transport-et-de-la-logistique\/\"> seconde professionnelle M\u00e9tiers de la gestion administrative, du transport et de la logistique<\/a><\/strong>&nbsp;en vue de pr\u00e9parer cette sp\u00e9cialit\u00e9 du bac pro.<\/p>\n\n\n\n<p><strong>En classe de premi\u00e8re et terminale, les \u00e9l\u00e8ves qui auront choisi le Bac Pro Agora resteront \u00e0 l\u2019Essouriau. Les autres, iront \u00e0 Savigny sur Orge en Bac Pro Logistique ou Bac Pro Organisation Transport des marchandises.<\/strong><\/p>\n\n\n\n<p>Les \u00e9l\u00e8ves pr\u00e9parant le bac pro en apprentissage entrent directement dans cette sp\u00e9cialit\u00e9 de Bac Pro sans passer par une seconde pro \u00ab&nbsp;famille de m\u00e9tiers&nbsp;\u00bb.<\/p>\n\n\n\n<p><strong>Poursuites d\u2019\u00e9tudes<\/strong><\/p>\n\n\n\n<p>Le bac professionnel a pour premier objectif l\u2019insertion professionnelle mais avec un tr\u00e8s bon dossier ou une mention \u00e0 l\u2019examen, une poursuite d\u2019\u00e9tudes est envisageable en&nbsp;<strong>BTS<\/strong>.<br>Exemples de formations possibles&nbsp;:<br><a href=\"https:\/\/www.onisep.fr\/Ressources\/Univers-Formation\/Formations\/Post-bac\/bts-gestion-de-la-pme\" rel=\"noreferrer noopener\" target=\"_blank\">BTS Gestion de la PME<\/a><br><a href=\"https:\/\/www.onisep.fr\/Ressources\/Univers-Formation\/Formations\/Post-bac\/bts-comptabilite-et-gestion\" rel=\"noreferrer noopener\" target=\"_blank\">BTS Comptabilit\u00e9 et gestion<\/a><br><a href=\"https:\/\/www.onisep.fr\/Ressources\/Univers-Formation\/Formations\/Post-bac\/bts-support-a-l-action-manageriale\" rel=\"noreferrer noopener\" target=\"_blank\">BTS Support \u00e0 l\u2019action manag\u00e9riale<\/a><\/p>\n\n\n\n<p><strong>Horaires d\u2019enseignement<\/strong><\/p>\n\n\n\n<figure class=\"wp-block-table is-style-stripes\"><table><tbody><tr><td><\/td><td>Seconde PRO<\/td><td>Premi\u00e8re PRO<\/td><td>Terminale PRO<\/td><\/tr><tr><td>Fran\u00e7ais, Histoire \u2013 G\u00e9ographie -E.M.C + Co-intervention avec l\u2019enseignement professionnel<\/td><td>3.5h+1h<\/td><td>3h+1h<\/td><td>3h+0.5h<\/td><\/tr><tr><td>Langues Vivantes (Anglais)<\/td><td>2h<\/td><td>2h<\/td><td>2h<\/td><\/tr><tr><td>Langues Vivantes (Espagnol)<\/td><td>2h<\/td><td>2h<\/td><td>2h<\/td><\/tr><tr><td>Math\u00e9matiques + Co-intervention avec l\u2019enseignement professionnel<\/td><td>1.5h+1h<\/td><td>2h+0.5h<\/td><td>1.5h+0.5h<\/td><\/tr><tr><td>Arts Appliqu\u00e9s<\/td><td>1h<\/td><td>1h<\/td><td>1h<\/td><\/tr><tr><td>EPS<\/td><td>2,5h<\/td><td>2,5h<\/td><td>2,5h<\/td><\/tr><tr><td>Enseignement professionnel + Co-intervention<\/td><td>11h+2h<\/td><td>9.5h+1.5h<\/td><td>10h+1h<\/td><\/tr><tr><td>R\u00e9alisation d\u2019un chef d\u2019\u0153uvre<\/td><td><\/td><td>2h<\/td><td>2h<\/td><\/tr><tr><td>Eco- Gestion<\/td><td>1h<\/td><td>1h<\/td><td>1h<\/td><\/tr><tr><td>Pr\u00e9vention-Sant\u00e9-Environnement<\/td><td>1h<\/td><td>1h<\/td><td>1h<\/td><\/tr><tr><td>Accompagnement personnalis\u00e9<\/td><td>3h<\/td><td>3h<\/td><td>3,5h<\/td><\/tr><tr><td>Nombre de semaines de formation en<br>entreprises<\/td><td>6<\/td><td>8<\/td><td>9<\/td><\/tr><\/tbody><\/table><\/figure>\n\n\n\n<p><strong>Epreuves du baccalaur\u00e9at<\/strong><\/p>\n\n\n\n<figure class=\"wp-block-table is-style-stripes\"><table><tbody><tr><td>E1. Epreuve scientifique<\/td><td><\/td><td><\/td><td>2<\/td><\/tr><tr><td><\/td><td>E.11 Economie et Droit<\/td><td>Ecrit<\/td><td>1<\/td><\/tr><tr><td><\/td><td>E.12 Math\u00e9matiques<\/td><td>CCF<\/td><td>1<\/td><\/tr><tr><td>E2. Etude de situations professionnelles li\u00e9es \u00e0 l\u2019organisation et au suivi de l\u2019activit\u00e9 de production<\/td><td><\/td><td>Ecrit<\/td><td><br>4<\/td><\/tr><tr><td>E3. Pratiques professionnelles d\u2019assistance \u00e0 la gestion des organisations<\/td><td><\/td><td><\/td><td>8<\/td><\/tr><tr><td><\/td><td>E.31&nbsp;: Gestion des relations avec les clients, les usagers et les adh\u00e9rents<\/td><td>CCF<\/td><td>4<\/td><\/tr><tr><td><\/td><td>E.32&nbsp;: Administration du personnel<\/td><td>CCF<\/td><td>3<\/td><\/tr><tr><td><\/td><td>E.35&nbsp;: Pr\u00e9vention \u2013 Sant\u00e9 \u2013 Environnement<\/td><td>Ecrit<\/td><td>1<\/td><\/tr><tr><td>E4 \u2013 \u00c9preuve de langues vivantes<\/td><td><\/td><td>CCF<\/td><td>4<\/td><\/tr><tr><td><\/td><td>E.41 Langues vivantes 1<\/td><td>CCF<\/td><td>2<\/td><\/tr><tr><td><\/td><td>E.42 Langues vivantes 2<\/td><td>CCF<\/td><td>2<\/td><\/tr><tr><td>E5 \u2013 \u00c9preuve de fran\u00e7ais \u2013 histoire g\u00e9ographie et \u00e9ducation civique<\/td><td><\/td><td><\/td><td>5<\/td><\/tr><tr><td><\/td><td>E 51 Fran\u00e7ais<\/td><td>Ecrit<\/td><td>2,5<\/td><\/tr><tr><td><\/td><td>E 52 Histoire g\u00e9ographie et \u00e9ducation civique<\/td><td>Ecrit<\/td><td>2,5<\/td><\/tr><tr><td>E6- \u00c9preuve d\u2019\u00e9ducation artistique \u2013 arts appliqu\u00e9s<\/td><td><\/td><td>CCF<\/td><td>1<\/td><\/tr><tr><td>E7- \u00c9preuve d\u2019\u00e9ducation physique et sportive<\/td><td><\/td><td>CCF<\/td><td>1<\/td><\/tr><tr><td>CCF&nbsp;: Contr\u00f4le en cours de formation<br>Les \u00e9l\u00e8ves entrant en seconde professionnelle, visent l\u2019obtention du baccalaur\u00e9at professionnel en trois ans qui est un dipl\u00f4me de niveau IV.<\/td><td><\/td><td><\/td><td><\/td><\/tr><\/tbody><\/table><\/figure>\n\n\n\n<div class=\"wp-block-group is-nowrap is-layout-flex wp-container-core-group-is-layout-ad2f72ca wp-block-group-is-layout-flex\">\n<p><strong><mark style=\"background-color:rgba(0, 0, 0, 0)\" class=\"has-inline-color has-vivid-red-color\">Toutes nos formations sont ouvertes \u00e0 l&#8217;apprentissage, en mixit\u00e9 des publics, \u00e0 partir de la classe de Premi\u00e8re.<\/mark><\/strong> <\/p>\n\n\n\n<figure class=\"wp-block-image size-full is-resized\"><img loading=\"lazy\" decoding=\"async\" width=\"600\" height=\"240\" src=\"https:\/\/lyceedelessouriau.fr\/wp-content\/uploads\/2025\/09\/logo-GIP-apprentissage-2021-ISOLE-002-.jpg\" alt=\"\" class=\"wp-image-3241\" style=\"width:281px;height:auto\" srcset=\"https:\/\/lyceedelessouriau.fr\/wp-content\/uploads\/2025\/09\/logo-GIP-apprentissage-2021-ISOLE-002-.jpg 600w, https:\/\/lyceedelessouriau.fr\/wp-content\/uploads\/2025\/09\/logo-GIP-apprentissage-2021-ISOLE-002--300x120.jpg 300w\" sizes=\"auto, (max-width: 600px) 100vw, 600px\" \/><\/figure>\n<\/div>\n\n\n\n<p><\/p>\n","protected":false},"excerpt":{"rendered":"<p>BAC PRO AGOrA : Assistance \u00e0 la Gestion des Organisations et de leurs Activit\u00e9s Objectifs de la formation Le baccalaur\u00e9at professionnel Assistance \u00e0 la Gestion des Organisations et de leurs Activit\u00e9s forme des&nbsp;gestionnaires administratifs&nbsp;appel\u00e9s \u00e0 travailler dans des entreprises de petite et moyenne taille, dans des collectivit\u00e9s territoriales, des administrations, des associations, etc. Les \u00e9l\u00e8ves [&hellip;]<\/p>\n","protected":false},"author":1,"featured_media":0,"parent":34,"menu_order":3,"comment_status":"closed","ping_status":"closed","template":"page-template\/right-sidebar-page.php","meta":{"footnotes":""},"class_list":["post-131","page","type-page","status-publish","hentry"],"_links":{"self":[{"href":"https:\/\/lyceedelessouriau.fr\/index.php\/wp-json\/wp\/v2\/pages\/131","targetHints":{"allow":["GET"]}}],"collection":[{"href":"https:\/\/lyceedelessouriau.fr\/index.php\/wp-json\/wp\/v2\/pages"}],"about":[{"href":"https:\/\/lyceedelessouriau.fr\/index.php\/wp-json\/wp\/v2\/types\/page"}],"author":[{"embeddable":true,"href":"https:\/\/lyceedelessouriau.fr\/index.php\/wp-json\/wp\/v2\/users\/1"}],"replies":[{"embeddable":true,"href":"https:\/\/lyceedelessouriau.fr\/index.php\/wp-json\/wp\/v2\/comments?post=131"}],"version-history":[{"count":13,"href":"https:\/\/lyceedelessouriau.fr\/index.php\/wp-json\/wp\/v2\/pages\/131\/revisions"}],"predecessor-version":[{"id":3242,"href":"https:\/\/lyceedelessouriau.fr\/index.php\/wp-json\/wp\/v2\/pages\/131\/revisions\/3242"}],"up":[{"embeddable":true,"href":"https:\/\/lyceedelessouriau.fr\/index.php\/wp-json\/wp\/v2\/pages\/34"}],"wp:attachment":[{"href":"https:\/\/lyceedelessouriau.fr\/index.php\/wp-json\/wp\/v2\/media?parent=131"}],"curies":[{"name":"wp","href":"https:\/\/api.w.org\/{rel}","templated":true}]}}